{"id":105,"date":"2025-03-06T09:43:49","date_gmt":"2025-03-06T09:43:49","guid":{"rendered":"https:\/\/aoliveirense.pt\/new\/?page_id=105"},"modified":"2025-03-06T10:22:07","modified_gmt":"2025-03-06T10:22:07","slug":"noticias","status":"publish","type":"page","link":"https:\/\/aoliveirense.pt\/?page_id=105","title":{"rendered":"Noticias"},"content":{"rendered":"\n<div class=\"wp-block-columns is-layout-flex wp-container-core-columns-is-layout-28f84493 wp-block-columns-is-layout-flex\">\n<div class=\"wp-block-column is-layout-flow wp-block-column-is-layout-flow\" style=\"flex-basis:25%\">\n<figure class=\"wp-block-image size-full\"><img loading=\"lazy\" decoding=\"async\" width=\"173\" height=\"173\" src=\"https:\/\/aoliveirense.pt\/wp-content\/uploads\/2025\/03\/pdf.png\" alt=\"\" class=\"wp-image-107\" srcset=\"https:\/\/aoliveirense.pt\/wp-content\/uploads\/2025\/03\/pdf.png 173w, https:\/\/aoliveirense.pt\/wp-content\/uploads\/2025\/03\/pdf-150x150.png 150w\" sizes=\"auto, (max-width: 173px) 100vw, 173px\" \/><\/figure>\n<\/div>\n\n\n\n<div class=\"wp-block-column is-layout-flow wp-block-column-is-layout-flow\" style=\"flex-basis:50%\">\n<h5 class=\"wp-block-heading has-accent-4-color has-text-color has-link-color wp-elements-217774b934ae30401332ad10cf56f9ca\"><strong>Acordo Coopera\u00e7\u00e3o Creche 2019<\/strong><\/h5>\n\n\n\n<p class=\"has-small-font-size\">31-03-2019<\/p>\n\n\n\n<p>\u200b<\/p>\n<\/div>\n\n\n\n<div class=\"wp-block-column is-vertically-aligned-center is-layout-flow wp-block-column-is-layout-flow\" style=\"flex-basis:25%\">\n<div class=\"wp-block-buttons is-horizontal is-content-justification-center is-layout-flex wp-container-core-buttons-is-layout-03627597 wp-block-buttons-is-layout-flex\">\n<div class=\"wp-block-button\"><a class=\"wp-block-button__link has-contrast-color has-accent-4-background-color has-text-color has-background has-link-color wp-element-button\" href=\"https:\/\/aoliveirense.pt\/wp-content\/uploads\/2025\/03\/pdf1.pdf\">Visualizar<\/a><\/div>\n<\/div>\n<\/div>\n<\/div>\n\n\n\n<div class=\"wp-block-columns is-layout-flex wp-container-core-columns-is-layout-28f84493 wp-block-columns-is-layout-flex\">\n<div class=\"wp-block-column is-layout-flow wp-block-column-is-layout-flow\" style=\"flex-basis:25%\">\n<figure class=\"wp-block-image size-full\"><img loading=\"lazy\" decoding=\"async\" width=\"173\" height=\"173\" src=\"https:\/\/aoliveirense.pt\/wp-content\/uploads\/2025\/03\/pdf.png\" alt=\"\" class=\"wp-image-107\" srcset=\"https:\/\/aoliveirense.pt\/wp-content\/uploads\/2025\/03\/pdf.png 173w, https:\/\/aoliveirense.pt\/wp-content\/uploads\/2025\/03\/pdf-150x150.png 150w\" sizes=\"auto, (max-width: 173px) 100vw, 173px\" \/><\/figure>\n<\/div>\n\n\n\n<div class=\"wp-block-column is-layout-flow wp-block-column-is-layout-flow\" style=\"flex-basis:50%\">\n<h5 class=\"wp-block-heading has-accent-4-color has-text-color has-link-color wp-elements-5f4e324bb50937668be88b1eef5a4378\"><strong><strong>Acordo Coopera\u00e7\u00e3o ERPI 2019<\/strong><\/strong><\/h5>\n\n\n\n<p class=\"has-small-font-size\">31-03-2019<\/p>\n\n\n\n<p>\u200b<\/p>\n<\/div>\n\n\n\n<div class=\"wp-block-column is-vertically-aligned-center is-layout-flow wp-block-column-is-layout-flow\" style=\"flex-basis:25%\">\n<div class=\"wp-block-buttons is-horizontal is-content-justification-center is-layout-flex wp-container-core-buttons-is-layout-03627597 wp-block-buttons-is-layout-flex\">\n<div class=\"wp-block-button\"><a class=\"wp-block-button__link has-contrast-color has-accent-4-background-color has-text-color has-background has-link-color wp-element-button\" href=\"https:\/\/aoliveirense.pt\/wp-content\/uploads\/2025\/03\/pdf2.pdf\">Visualizar<\/a><\/div>\n<\/div>\n<\/div>\n<\/div>\n\n\n\n<div class=\"wp-block-columns is-layout-flex wp-container-core-columns-is-layout-28f84493 wp-block-columns-is-layout-flex\">\n<div class=\"wp-block-column is-layout-flow wp-block-column-is-layout-flow\" style=\"flex-basis:25%\">\n<figure class=\"wp-block-image size-full\"><img loading=\"lazy\" decoding=\"async\" width=\"173\" height=\"173\" src=\"https:\/\/aoliveirense.pt\/wp-content\/uploads\/2025\/03\/pdf.png\" alt=\"\" class=\"wp-image-107\" srcset=\"https:\/\/aoliveirense.pt\/wp-content\/uploads\/2025\/03\/pdf.png 173w, https:\/\/aoliveirense.pt\/wp-content\/uploads\/2025\/03\/pdf-150x150.png 150w\" sizes=\"auto, (max-width: 173px) 100vw, 173px\" \/><\/figure>\n<\/div>\n\n\n\n<div class=\"wp-block-column is-layout-flow wp-block-column-is-layout-flow\" style=\"flex-basis:50%\">\n<h5 class=\"wp-block-heading has-accent-4-color has-text-color has-link-color wp-elements-4689dc17f629ceb5cf4cefdfb28bf782\"><strong><strong>Or\u00e7amento 2019<\/strong><\/strong><\/h5>\n\n\n\n<p class=\"has-small-font-size\">31-03-2019<\/p>\n\n\n\n<p>\u200b<\/p>\n<\/div>\n\n\n\n<div class=\"wp-block-column is-vertically-aligned-center is-layout-flow wp-block-column-is-layout-flow\" style=\"flex-basis:25%\">\n<div class=\"wp-block-buttons is-horizontal is-content-justification-center is-layout-flex wp-container-core-buttons-is-layout-03627597 wp-block-buttons-is-layout-flex\">\n<div class=\"wp-block-button\"><a class=\"wp-block-button__link has-contrast-color has-accent-4-background-color has-text-color has-background has-link-color wp-element-button\" href=\"https:\/\/aoliveirense.pt\/wp-content\/uploads\/2025\/03\/pdf3.pdf\">Visualizar<\/a><\/div>\n<\/div>\n<\/div>\n<\/div>\n\n\n\n<div class=\"wp-block-columns is-layout-flex wp-container-core-columns-is-layout-28f84493 wp-block-columns-is-layout-flex\">\n<div class=\"wp-block-column is-layout-flow wp-block-column-is-layout-flow\" style=\"flex-basis:25%\">\n<figure class=\"wp-block-image size-full\"><img loading=\"lazy\" decoding=\"async\" width=\"173\" height=\"173\" src=\"https:\/\/aoliveirense.pt\/wp-content\/uploads\/2025\/03\/pdf.png\" alt=\"\" class=\"wp-image-107\" srcset=\"https:\/\/aoliveirense.pt\/wp-content\/uploads\/2025\/03\/pdf.png 173w, https:\/\/aoliveirense.pt\/wp-content\/uploads\/2025\/03\/pdf-150x150.png 150w\" sizes=\"auto, (max-width: 173px) 100vw, 173px\" \/><\/figure>\n<\/div>\n\n\n\n<div class=\"wp-block-column is-layout-flow wp-block-column-is-layout-flow\" style=\"flex-basis:50%\">\n<h5 class=\"wp-block-heading has-accent-4-color has-text-color has-link-color wp-elements-3762f956d387be76788d2472a13b1999\"><strong><strong>Relat\u00f3rio e Contas de 2017<\/strong><\/strong><\/h5>\n\n\n\n<p class=\"has-small-font-size\">31-03-2019<\/p>\n\n\n\n<p>\u200b<\/p>\n<\/div>\n\n\n\n<div class=\"wp-block-column is-vertically-aligned-center is-layout-flow wp-block-column-is-layout-flow\" style=\"flex-basis:25%\">\n<div class=\"wp-block-buttons is-horizontal is-content-justification-center is-layout-flex wp-container-core-buttons-is-layout-03627597 wp-block-buttons-is-layout-flex\">\n<div class=\"wp-block-button\"><a class=\"wp-block-button__link has-contrast-color has-accent-4-background-color has-text-color has-background has-link-color wp-element-button\" href=\"https:\/\/aoliveirense.pt\/wp-content\/uploads\/2025\/03\/pdf4.pdf\">Visualizar<\/a><\/div>\n<\/div>\n<\/div>\n<\/div>\n\n\n\n<div class=\"wp-block-columns is-layout-flex wp-container-core-columns-is-layout-28f84493 wp-block-columns-is-layout-flex\">\n<div class=\"wp-block-column is-layout-flow wp-block-column-is-layout-flow\" style=\"flex-basis:25%\">\n<figure class=\"wp-block-image size-full\"><img loading=\"lazy\" decoding=\"async\" width=\"173\" height=\"173\" src=\"https:\/\/aoliveirense.pt\/wp-content\/uploads\/2025\/03\/a1.jpg\" alt=\"\" class=\"wp-image-108\" srcset=\"https:\/\/aoliveirense.pt\/wp-content\/uploads\/2025\/03\/a1.jpg 173w, https:\/\/aoliveirense.pt\/wp-content\/uploads\/2025\/03\/a1-150x150.jpg 150w\" sizes=\"auto, (max-width: 173px) 100vw, 173px\" \/><\/figure>\n<\/div>\n\n\n\n<div class=\"wp-block-column is-layout-flow wp-block-column-is-layout-flow\" style=\"flex-basis:50%\">\n<h5 class=\"wp-block-heading has-accent-4-color has-text-color has-link-color wp-elements-472b2479e8b1b2c6c182b9658ef0d38f\"><strong><strong>Assinatura de Protocolo de Colabora\u00e7\u00e3o com a Seguran\u00e7a Social para a Creche<\/strong><\/strong><\/h5>\n\n\n\n<p class=\"has-small-font-size\">31-03-2019<\/p>\n\n\n\n<p>\u200b<\/p>\n<\/div>\n\n\n\n<div class=\"wp-block-column is-vertically-aligned-center is-layout-flow wp-block-column-is-layout-flow\" style=\"flex-basis:25%\">\n<div class=\"wp-block-buttons is-horizontal is-content-justification-center is-layout-flex wp-container-core-buttons-is-layout-03627597 wp-block-buttons-is-layout-flex\">\n<div class=\"wp-block-button\"><a class=\"wp-block-button__link has-contrast-color has-accent-4-background-color has-text-color has-background has-link-color wp-element-button\">Visualizar<\/a><\/div>\n<\/div>\n<\/div>\n<\/div>\n\n\n\n<div class=\"wp-block-columns is-layout-flex wp-container-core-columns-is-layout-28f84493 wp-block-columns-is-layout-flex\">\n<div class=\"wp-block-column is-layout-flow wp-block-column-is-layout-flow\" style=\"flex-basis:25%\">\n<figure class=\"wp-block-image size-full\"><img loading=\"lazy\" decoding=\"async\" width=\"173\" height=\"173\" src=\"https:\/\/aoliveirense.pt\/wp-content\/uploads\/2025\/03\/a2.jpg\" alt=\"\" class=\"wp-image-109\" srcset=\"https:\/\/aoliveirense.pt\/wp-content\/uploads\/2025\/03\/a2.jpg 173w, https:\/\/aoliveirense.pt\/wp-content\/uploads\/2025\/03\/a2-150x150.jpg 150w\" sizes=\"auto, (max-width: 173px) 100vw, 173px\" \/><\/figure>\n<\/div>\n\n\n\n<div class=\"wp-block-column is-layout-flow wp-block-column-is-layout-flow\" style=\"flex-basis:50%\">\n<h5 class=\"wp-block-heading has-accent-4-color has-text-color has-link-color wp-elements-217774b934ae30401332ad10cf56f9ca\"><strong>Acordo Coopera\u00e7\u00e3o Creche 2019<\/strong><\/h5>\n\n\n\n<p class=\"has-small-font-size\">31-03-2019<\/p>\n\n\n\n<p>\u200b<\/p>\n<\/div>\n\n\n\n<div class=\"wp-block-column is-vertically-aligned-center is-layout-flow wp-block-column-is-layout-flow\" style=\"flex-basis:25%\">\n<div class=\"wp-block-buttons is-horizontal is-content-justification-center is-layout-flex wp-container-core-buttons-is-layout-03627597 wp-block-buttons-is-layout-flex\">\n<div class=\"wp-block-button\"><a class=\"wp-block-button__link has-contrast-color has-accent-4-background-color has-text-color has-background has-link-color wp-element-button\">Visualizar<\/a><\/div>\n<\/div>\n<\/div>\n<\/div>\n\n\n\n<div class=\"wp-block-columns is-layout-flex wp-container-core-columns-is-layout-28f84493 wp-block-columns-is-layout-flex\">\n<div class=\"wp-block-column is-layout-flow wp-block-column-is-layout-flow\" style=\"flex-basis:25%\">\n<figure class=\"wp-block-image size-full\"><img loading=\"lazy\" decoding=\"async\" width=\"173\" height=\"173\" src=\"https:\/\/aoliveirense.pt\/wp-content\/uploads\/2025\/03\/a3.jpg\" alt=\"\" class=\"wp-image-110\" srcset=\"https:\/\/aoliveirense.pt\/wp-content\/uploads\/2025\/03\/a3.jpg 173w, https:\/\/aoliveirense.pt\/wp-content\/uploads\/2025\/03\/a3-150x150.jpg 150w\" sizes=\"auto, (max-width: 173px) 100vw, 173px\" \/><\/figure>\n<\/div>\n\n\n\n<div class=\"wp-block-column is-layout-flow wp-block-column-is-layout-flow\" style=\"flex-basis:50%\">\n<h5 class=\"wp-block-heading has-accent-4-color has-text-color has-link-color wp-elements-217774b934ae30401332ad10cf56f9ca\"><strong>Acordo Coopera\u00e7\u00e3o Creche 2019<\/strong><\/h5>\n\n\n\n<p class=\"has-small-font-size\">31-03-2019<\/p>\n\n\n\n<p>\u200b<\/p>\n<\/div>\n\n\n\n<div class=\"wp-block-column is-vertically-aligned-center is-layout-flow wp-block-column-is-layout-flow\" style=\"flex-basis:25%\">\n<div class=\"wp-block-buttons is-horizontal is-content-justification-center is-layout-flex wp-container-core-buttons-is-layout-03627597 wp-block-buttons-is-layout-flex\">\n<div class=\"wp-block-button\"><a class=\"wp-block-button__link has-contrast-color has-accent-4-background-color has-text-color has-background has-link-color wp-element-button\">Visualizar<\/a><\/div>\n<\/div>\n<\/div>\n<\/div>\n","protected":false},"excerpt":{"rendered":"<p>Acordo Coopera\u00e7\u00e3o Creche 2019 31-03-2019 \u200b Acordo Coopera\u00e7\u00e3o ERPI 2019 31-03-2019 \u200b Or\u00e7amento 2019 31-03-2019 \u200b Relat\u00f3rio e Contas de 2017 31-03-2019 \u200b Assinatura de Protocolo de Colabora\u00e7\u00e3o com a Seguran\u00e7a Social para a Creche 31-03-2019 \u200b Acordo Coopera\u00e7\u00e3o Creche 2019 31-03-2019 \u200b Acordo Coopera\u00e7\u00e3o Creche 2019 31-03-2019 \u200b<\/p>\n","protected":false},"author":1,"featured_media":0,"parent":55,"menu_order":0,"comment_status":"closed","ping_status":"closed","template":"","meta":{"footnotes":""},"class_list":["post-105","page","type-page","status-publish","hentry"],"_links":{"self":[{"href":"https:\/\/aoliveirense.pt\/index.php?rest_route=\/wp\/v2\/pages\/105","targetHints":{"allow":["GET"]}}],"collection":[{"href":"https:\/\/aoliveirense.pt\/index.php?rest_route=\/wp\/v2\/pages"}],"about":[{"href":"https:\/\/aoliveirense.pt\/index.php?rest_route=\/wp\/v2\/types\/page"}],"author":[{"embeddable":true,"href":"https:\/\/aoliveirense.pt\/index.php?rest_route=\/wp\/v2\/users\/1"}],"replies":[{"embeddable":true,"href":"https:\/\/aoliveirense.pt\/index.php?rest_route=%2Fwp%2Fv2%2Fcomments&post=105"}],"version-history":[{"count":2,"href":"https:\/\/aoliveirense.pt\/index.php?rest_route=\/wp\/v2\/pages\/105\/revisions"}],"predecessor-version":[{"id":127,"href":"https:\/\/aoliveirense.pt\/index.php?rest_route=\/wp\/v2\/pages\/105\/revisions\/127"}],"up":[{"embeddable":true,"href":"https:\/\/aoliveirense.pt\/index.php?rest_route=\/wp\/v2\/pages\/55"}],"wp:attachment":[{"href":"https:\/\/aoliveirense.pt\/index.php?rest_route=%2Fwp%2Fv2%2Fmedia&parent=105"}],"curies":[{"name":"wp","href":"https:\/\/api.w.org\/{rel}","templated":true}]}}