{"id":53,"date":"2025-02-28T12:29:01","date_gmt":"2025-02-28T12:29:01","guid":{"rendered":"https:\/\/aoliveirense.pt\/new\/?page_id=53"},"modified":"2025-03-06T09:12:50","modified_gmt":"2025-03-06T09:12:50","slug":"quinta-dos-avos","status":"publish","type":"page","link":"https:\/\/aoliveirense.pt\/?page_id=53","title":{"rendered":"Quinta dos Av\u00f3s"},"content":{"rendered":"\n<h2 class=\"wp-block-heading has-text-align-center\">Quinta dos av\u00f3s<\/h2>\n\n\n\n<p><\/p>\n\n\n\n<div style=\"height:72px\" aria-hidden=\"true\" class=\"wp-block-spacer\"><\/div>\n\n\n\n<div class=\"wp-block-columns is-layout-flex wp-container-core-columns-is-layout-28f84493 wp-block-columns-is-layout-flex\">\n<div class=\"wp-block-column is-layout-flow wp-block-column-is-layout-flow\">\n<figure class=\"wp-block-image size-full\"><img loading=\"lazy\" decoding=\"async\" width=\"412\" height=\"237\" src=\"https:\/\/aoliveirense.pt\/wp-content\/uploads\/2025\/03\/aa.webp\" alt=\"\" class=\"wp-image-70\" srcset=\"https:\/\/aoliveirense.pt\/wp-content\/uploads\/2025\/03\/aa.webp 412w, https:\/\/aoliveirense.pt\/wp-content\/uploads\/2025\/03\/aa-300x173.webp 300w\" sizes=\"auto, (max-width: 412px) 100vw, 412px\" \/><\/figure>\n<\/div>\n\n\n\n<div class=\"wp-block-column is-layout-flow wp-block-column-is-layout-flow\">\n<h4 class=\"wp-block-heading has-accent-4-color has-text-color has-link-color wp-elements-d0019f1b817c1585e07102a1590f5b0e\"><strong>Complexo Intergeracional<\/strong><\/h4>\n\n\n\n<p>O Lar e Creche \u201cQuinta dos Av\u00f3s\u201d&nbsp;surgiu&nbsp;para colmatar as necessidades sociais das freguesias de Oliveira do Douro.<\/p>\n<\/div>\n<\/div>\n\n\n\n<div style=\"height:100px\" aria-hidden=\"true\" class=\"wp-block-spacer\"><\/div>\n\n\n\n<p><\/p>\n\n\n\n<h3 class=\"wp-block-heading has-text-align-center\"><mark style=\"background-color:rgba(0, 0, 0, 0)\" class=\"has-inline-color has-accent-4-color\"><strong>O&nbsp;cuidado que voc\u00ea merece,&nbsp;os melhores profissionais.<\/strong><\/mark><\/h3>\n\n\n\n<div style=\"height:49px\" aria-hidden=\"true\" class=\"wp-block-spacer\"><\/div>\n\n\n\n<div class=\"wp-block-columns is-layout-flex wp-container-core-columns-is-layout-28f84493 wp-block-columns-is-layout-flex\">\n<div class=\"wp-block-column is-layout-flow wp-block-column-is-layout-flow\">\n<figure class=\"wp-block-image size-full\"><img loading=\"lazy\" decoding=\"async\" width=\"271\" height=\"161\" src=\"https:\/\/aoliveirense.pt\/wp-content\/uploads\/2025\/03\/1.webp\" alt=\"\" class=\"wp-image-73\"\/><\/figure>\n\n\n\n<h4 class=\"wp-block-heading has-accent-4-color has-text-color has-link-color wp-elements-4a7ef565e324529bf5006e6ecc58e22b\">Creche<\/h4>\n\n\n\n<p class=\"has-small-font-size\">A Creche destina-se a prestar apoio na \u00e1rea da Inf\u00e2ncia, atrav\u00e9s de pessoal oficialmente habilitado e de reconhecida compet\u00eancia, num complexo de instala\u00e7\u00f5es devidamente equipado para o efeito<\/p>\n<\/div>\n\n\n\n<div class=\"wp-block-column is-layout-flow wp-block-column-is-layout-flow\">\n<figure class=\"wp-block-image size-full\"><img loading=\"lazy\" decoding=\"async\" width=\"269\" height=\"162\" src=\"https:\/\/aoliveirense.pt\/wp-content\/uploads\/2025\/03\/2.webp\" alt=\"\" class=\"wp-image-74\"\/><\/figure>\n\n\n\n<h4 class=\"wp-block-heading has-accent-4-color has-text-color has-link-color wp-elements-3b4914716ef16fcd99e36df9aad6468f\">E.R.P.I. (Lar)<\/h4>\n\n\n\n<p class=\"has-small-font-size\">A Estrutura Residencial para Pessoas Idosas tem por objectivo proporcionar a todos os utentes o conforto, bem-estar e tranquilidade, num ambiente acolhedor.<\/p>\n<\/div>\n\n\n\n<div class=\"wp-block-column is-layout-flow wp-block-column-is-layout-flow\">\n<figure class=\"wp-block-image size-full\"><img loading=\"lazy\" decoding=\"async\" width=\"271\" height=\"162\" src=\"https:\/\/aoliveirense.pt\/wp-content\/uploads\/2025\/03\/3.webp\" alt=\"\" class=\"wp-image-75\"\/><\/figure>\n\n\n\n<h4 class=\"wp-block-heading has-accent-4-color has-text-color has-link-color wp-elements-16f5b8547580a1339ab7c739e8c899c6\">Lavandaria<\/h4>\n\n\n\n<p class=\"has-small-font-size\">A Lavandaria pretende contribuir para a qualidade de vida das pessoas e fam\u00edlias, nomeadamente atrav\u00e9s da melhoria das condi\u00e7\u00f5es de higiene.<\/p>\n<\/div>\n<\/div>\n","protected":false},"excerpt":{"rendered":"<p>Quinta dos av\u00f3s Complexo Intergeracional O Lar e Creche \u201cQuinta dos Av\u00f3s\u201d&nbsp;surgiu&nbsp;para colmatar as necessidades sociais das freguesias de Oliveira do Douro. O&nbsp;cuidado que voc\u00ea merece,&nbsp;os melhores profissionais. Creche A Creche destina-se a prestar apoio na \u00e1rea da Inf\u00e2ncia, atrav\u00e9s de pessoal oficialmente habilitado e de reconhecida compet\u00eancia, num complexo de instala\u00e7\u00f5es devidamente equipado para [&hellip;]<\/p>\n","protected":false},"author":1,"featured_media":70,"parent":0,"menu_order":0,"comment_status":"closed","ping_status":"closed","template":"page-no-title","meta":{"footnotes":""},"class_list":["post-53","page","type-page","status-publish","has-post-thumbnail","hentry"],"_links":{"self":[{"href":"https:\/\/aoliveirense.pt\/index.php?rest_route=\/wp\/v2\/pages\/53","targetHints":{"allow":["GET"]}}],"collection":[{"href":"https:\/\/aoliveirense.pt\/index.php?rest_route=\/wp\/v2\/pages"}],"about":[{"href":"https:\/\/aoliveirense.pt\/index.php?rest_route=\/wp\/v2\/types\/page"}],"author":[{"embeddable":true,"href":"https:\/\/aoliveirense.pt\/index.php?rest_route=\/wp\/v2\/users\/1"}],"replies":[{"embeddable":true,"href":"https:\/\/aoliveirense.pt\/index.php?rest_route=%2Fwp%2Fv2%2Fcomments&post=53"}],"version-history":[{"count":5,"href":"https:\/\/aoliveirense.pt\/index.php?rest_route=\/wp\/v2\/pages\/53\/revisions"}],"predecessor-version":[{"id":149,"href":"https:\/\/aoliveirense.pt\/index.php?rest_route=\/wp\/v2\/pages\/53\/revisions\/149"}],"wp:featuredmedia":[{"embeddable":true,"href":"https:\/\/aoliveirense.pt\/index.php?rest_route=\/wp\/v2\/media\/70"}],"wp:attachment":[{"href":"https:\/\/aoliveirense.pt\/index.php?rest_route=%2Fwp%2Fv2%2Fmedia&parent=53"}],"curies":[{"name":"wp","href":"https:\/\/api.w.org\/{rel}","templated":true}]}}

Quinta dos Avós

<h2 class="wp-block-heading has-text-align-center">Quinta dos avós</h2>



<p></p>



<div style="height:72px" aria-hidden="true" class="wp-block-spacer"></div>



<div class="wp-block-columns is-layout-flex wp-container-core-columns-is-layout-28f84493 wp-block-columns-is-layout-flex">
<div class="wp-block-column is-layout-flow wp-block-column-is-layout-flow">
<figure class="wp-block-image size-full"><img loading="lazy" decoding="async" width="412" height="237" src="https://aoliveirense.pt/wp-content/uploads/2025/03/aa.webp" alt="" class="wp-image-70" srcset="https://aoliveirense.pt/wp-content/uploads/2025/03/aa.webp 412w, https://aoliveirense.pt/wp-content/uploads/2025/03/aa-300x173.webp 300w" sizes="auto, (max-width: 412px) 100vw, 412px" /></figure>
</div>



<div class="wp-block-column is-layout-flow wp-block-column-is-layout-flow">
<h4 class="wp-block-heading has-accent-4-color has-text-color has-link-color wp-elements-d0019f1b817c1585e07102a1590f5b0e"><strong>Complexo Intergeracional</strong></h4>



<p>O Lar e Creche “Quinta dos Avós”&nbsp;surgiu&nbsp;para colmatar as necessidades sociais das freguesias de Oliveira do Douro.</p>
</div>
</div>



<div style="height:100px" aria-hidden="true" class="wp-block-spacer"></div>



<p></p>



<h3 class="wp-block-heading has-text-align-center"><mark style="background-color:rgba(0, 0, 0, 0)" class="has-inline-color has-accent-4-color"><strong>O&nbsp;cuidado que você merece,&nbsp;os melhores profissionais.</strong></mark></h3>



<div style="height:49px" aria-hidden="true" class="wp-block-spacer"></div>



<div class="wp-block-columns is-layout-flex wp-container-core-columns-is-layout-28f84493 wp-block-columns-is-layout-flex">
<div class="wp-block-column is-layout-flow wp-block-column-is-layout-flow">
<figure class="wp-block-image size-full"><img loading="lazy" decoding="async" width="271" height="161" src="https://aoliveirense.pt/wp-content/uploads/2025/03/1.webp" alt="" class="wp-image-73"/></figure>



<h4 class="wp-block-heading has-accent-4-color has-text-color has-link-color wp-elements-4a7ef565e324529bf5006e6ecc58e22b">Creche</h4>



<p class="has-small-font-size">A Creche destina-se a prestar apoio na área da Infância, através de pessoal oficialmente habilitado e de reconhecida competência, num complexo de instalações devidamente equipado para o efeito</p>
</div>



<div class="wp-block-column is-layout-flow wp-block-column-is-layout-flow">
<figure class="wp-block-image size-full"><img loading="lazy" decoding="async" width="269" height="162" src="https://aoliveirense.pt/wp-content/uploads/2025/03/2.webp" alt="" class="wp-image-74"/></figure>



<h4 class="wp-block-heading has-accent-4-color has-text-color has-link-color wp-elements-3b4914716ef16fcd99e36df9aad6468f">E.R.P.I. (Lar)</h4>



<p class="has-small-font-size">A Estrutura Residencial para Pessoas Idosas tem por objectivo proporcionar a todos os utentes o conforto, bem-estar e tranquilidade, num ambiente acolhedor.</p>
</div>



<div class="wp-block-column is-layout-flow wp-block-column-is-layout-flow">
<figure class="wp-block-image size-full"><img loading="lazy" decoding="async" width="271" height="162" src="https://aoliveirense.pt/wp-content/uploads/2025/03/3.webp" alt="" class="wp-image-75"/></figure>



<h4 class="wp-block-heading has-accent-4-color has-text-color has-link-color wp-elements-16f5b8547580a1339ab7c739e8c899c6">Lavandaria</h4>



<p class="has-small-font-size">A Lavandaria pretende contribuir para a qualidade de vida das pessoas e famílias, nomeadamente através da melhoria das condições de higiene.</p>
</div>
</div>

<p>Quinta dos avós Complexo Intergeracional O Lar e Creche “Quinta dos Avós”&nbsp;surgiu&nbsp;para colmatar as necessidades sociais das freguesias de Oliveira do Douro. O&nbsp;cuidado que você merece,&nbsp;os melhores profissionais. Creche A Creche destina-se a prestar apoio na área da Infância, através de pessoal oficialmente habilitado e de reconhecida competência, num complexo de instalações devidamente equipado para [&hellip;]</p>
