{"id":8,"date":"2025-02-28T11:47:28","date_gmt":"2025-02-28T11:47:28","guid":{"rendered":"https:\/\/aoliveirense.pt\/new\/?page_id=8"},"modified":"2025-03-06T09:32:19","modified_gmt":"2025-03-06T09:32:19","slug":"sobre-nos","status":"publish","type":"page","link":"https:\/\/aoliveirense.pt\/?page_id=8","title":{"rendered":"Sobre N\u00f3s"},"content":{"rendered":"\n<div class=\"wp-block-group has-global-padding is-layout-constrained wp-container-core-group-is-layout-650790e1 wp-block-group-is-layout-constrained\">\n<h1 class=\"wp-block-heading alignfull has-text-align-center has-x-large-font-size\"><mark style=\"background-color:rgba(0, 0, 0, 0);color:#0db26b\" class=\"has-inline-color\">Associa\u00e7\u00e3o Oliveirense de Socorros M\u00fatuos<\/mark><\/h1>\n<\/div>\n\n\n\n<div style=\"height:100px\" aria-hidden=\"true\" class=\"wp-block-spacer\"><\/div>\n\n\n\n<p><\/p>\n\n\n\n<figure class=\"wp-block-gallery alignwide has-nested-images columns-default is-cropped wp-block-gallery-1 is-layout-flex wp-block-gallery-is-layout-flex\">\n<figure class=\"wp-block-image size-full\"><img loading=\"lazy\" decoding=\"async\" width=\"250\" height=\"166\" data-id=\"17\" src=\"https:\/\/aoliveirense.pt\/wp-content\/uploads\/2025\/02\/6887b6_3e10e2e39cb642f4af242bf2d75be0efmv2.webp\" alt=\"\" class=\"wp-image-17\"\/><\/figure>\n\n\n\n<figure class=\"wp-block-image size-full\"><img loading=\"lazy\" decoding=\"async\" width=\"250\" height=\"166\" data-id=\"18\" src=\"https:\/\/aoliveirense.pt\/wp-content\/uploads\/2025\/02\/6887b6_6de545d9245349d88413504f54bfcb61mv2.webp\" alt=\"\" class=\"wp-image-18\"\/><\/figure>\n\n\n\n<figure class=\"wp-block-image size-full\"><img loading=\"lazy\" decoding=\"async\" width=\"250\" height=\"166\" data-id=\"19\" src=\"https:\/\/aoliveirense.pt\/wp-content\/uploads\/2025\/02\/6887b6_837e3cd3def04ab0abe5419cb0e83cf9mv2.webp\" alt=\"\" class=\"wp-image-19\"\/><\/figure>\n\n\n\n<figure class=\"wp-block-image size-full\"><img loading=\"lazy\" decoding=\"async\" width=\"250\" height=\"166\" data-id=\"20\" src=\"https:\/\/aoliveirense.pt\/wp-content\/uploads\/2025\/02\/6887b6_290148b4c4df4af289c05c244cdacb29mv2.webp\" alt=\"\" class=\"wp-image-20\"\/><\/figure>\n\n\n\n<figure class=\"wp-block-image size-full\"><img loading=\"lazy\" decoding=\"async\" width=\"250\" height=\"166\" data-id=\"21\" src=\"https:\/\/aoliveirense.pt\/wp-content\/uploads\/2025\/02\/6887b6_ba7c9734651d4c2cb7f2c16b49c9f35fmv2.webp\" alt=\"\" class=\"wp-image-21\"\/><\/figure>\n\n\n\n<figure class=\"wp-block-image size-full\"><img loading=\"lazy\" decoding=\"async\" width=\"250\" height=\"187\" data-id=\"22\" src=\"https:\/\/aoliveirense.pt\/wp-content\/uploads\/2025\/02\/6887b6_c896d58d03214c298a60ba566841dc43mv2.webp\" alt=\"\" class=\"wp-image-22\"\/><\/figure>\n\n\n\n<figure class=\"wp-block-image size-full\"><img loading=\"lazy\" decoding=\"async\" width=\"250\" height=\"361\" data-id=\"23\" src=\"https:\/\/aoliveirense.pt\/wp-content\/uploads\/2025\/02\/6887b6_cd3326c1f6d6442aaf7f90be420c6e84mv2.webp\" alt=\"\" class=\"wp-image-23\" srcset=\"https:\/\/aoliveirense.pt\/wp-content\/uploads\/2025\/02\/6887b6_cd3326c1f6d6442aaf7f90be420c6e84mv2.webp 250w, https:\/\/aoliveirense.pt\/wp-content\/uploads\/2025\/02\/6887b6_cd3326c1f6d6442aaf7f90be420c6e84mv2-208x300.webp 208w\" sizes=\"auto, (max-width: 250px) 100vw, 250px\" \/><\/figure>\n\n\n\n<figure class=\"wp-block-image size-full\"><img loading=\"lazy\" decoding=\"async\" width=\"250\" height=\"156\" data-id=\"24\" src=\"https:\/\/aoliveirense.pt\/wp-content\/uploads\/2025\/02\/6887b6_d028047263cd424c9713b88195b9fb63mv2.webp\" alt=\"\" class=\"wp-image-24\"\/><\/figure>\n\n\n\n<figure class=\"wp-block-image size-full\"><img loading=\"lazy\" decoding=\"async\" width=\"250\" height=\"166\" data-id=\"25\" src=\"https:\/\/aoliveirense.pt\/wp-content\/uploads\/2025\/02\/6887b6_e8453c75203142e59ae6d788d5a5e772mv2.webp\" alt=\"\" class=\"wp-image-25\"\/><\/figure>\n\n\n\n<figure class=\"wp-block-image size-full\"><img loading=\"lazy\" decoding=\"async\" width=\"250\" height=\"180\" data-id=\"26\" src=\"https:\/\/aoliveirense.pt\/wp-content\/uploads\/2025\/02\/6887b6_fe79ecebd2a948498c60db9364609a08mv2.webp\" alt=\"\" class=\"wp-image-26\"\/><\/figure>\n<\/figure>\n\n\n\n<div class=\"wp-block-group alignfull has-base-2-background-color has-background has-global-padding is-layout-constrained wp-container-core-group-is-layout-ca902058 wp-block-group-is-layout-constrained\" style=\"margin-top:0;margin-bottom:0;padding-top:var(--wp--preset--spacing--10);padding-right:var(--wp--preset--spacing--20);padding-bottom:var(--wp--preset--spacing--10);padding-left:var(--wp--preset--spacing--20)\">\n<div class=\"wp-block-group alignwide is-vertical is-layout-flex wp-container-core-group-is-layout-5f9f5280 wp-block-group-is-layout-flex\">\n<div style=\"height:0px\" aria-hidden=\"true\" class=\"wp-block-spacer wp-container-content-4f2ccadb\"><\/div>\n\n\n\n<div class=\"wp-block-columns is-layout-flex wp-container-core-columns-is-layout-28f84493 wp-block-columns-is-layout-flex\">\n<div class=\"wp-block-column has-background is-layout-flow wp-block-column-is-layout-flow\" style=\"background-color:#ffffff03;flex-basis:100%\">\n<p class=\"has-text-align-left\">Constitu\u00edda em 21 de Maio de 1893 com a denomina\u00e7\u00e3o inicial de&nbsp;ASSOCIA\u00c7\u00c3O OLIVEIRENSE DE SOCORROS M\u00daTUOS E&nbsp;F\u00daNEBRES&nbsp;PARA AMBOS OS SEXOS, teve os seus primeiros estatutos aprovados por Alvar\u00e1 R\u00e9gio de 23 de&nbsp;Junho&nbsp;de 1894.<\/p>\n<\/div>\n<\/div>\n\n\n\n<p>Foi fundada por um grupo de residentes de Oliveira do Douro cujos nomes aqui se registam: Cosme Mendes Braga, Ant\u00f3nio da Rocha Silvestre, Cust\u00f3dio Jos\u00e9 de Barros, Jos\u00e9 da Costa Santos, Domingos Gomes Pereira, Manuel Baptista Aguiar, Ant\u00f3nio da Silva Manah\u00fa e Jos\u00e9 da Silva Flores.<\/p>\n\n\n\n<p>O esquema de benef\u00edcios&nbsp;mant\u00e9m-se praticamente o mesmo desde a funda\u00e7\u00e3o da Associa\u00e7\u00e3o, hoje certamente enriquecido e que&nbsp;compreende&nbsp;a presta\u00e7\u00e3o de assist\u00eancia m\u00e9dica e de enfermagem e concess\u00e3o de subsidio por morte e de funeral aos seus cerca de 11.000 associados.<br>Como uma das fundadoras da Liga das Associa\u00e7\u00f5es de Socorro M\u00fatuo de Vila Nova de Gaia, a assist\u00eancia m\u00e9dica e de enfermagem \u00e9 garantida aos seus associados atrav\u00e9s dos servi\u00e7os da Liga.<\/p>\n\n\n\n<p>Por portaria datada de 6 Junho de 1942 a Associa\u00e7\u00e3o de Socorros M\u00fatuos &#8220;Ordem e Progresso&#8221; que anteriormente se designou de Santa Eul\u00e1lia, existente na mesma freguesia de Oliveira do Douro, fusionou-se com a Associa\u00e7\u00e3o Oliveirense, o que lhe conferiu uma maior dimens\u00e3o, sobretudo em termos de associados inscritos<\/p>\n<\/div>\n\n\n\n<h3 class=\"wp-block-heading alignwide has-text-align-center\"><mark style=\"background-color:rgba(0, 0, 0, 0);color:#0db26b\" class=\"has-inline-color\">Complexo Intergeracional Quinta dos Av\u00f3s<\/mark><\/h3>\n\n\n\n<div class=\"wp-block-group alignwide is-vertical is-layout-flex wp-container-core-group-is-layout-5f9f5280 wp-block-group-is-layout-flex\">\n<p>O \u201cComplexo Intergeracional Quinta dos Av\u00f3s\u201d foi edificado ao abrigo do Programa Pares do I.S.S.S, I.P. e teve como entidade promotora a Associa\u00e7\u00e3o Oliveirense.<\/p>\n\n\n\n<p><\/p>\n<\/div>\n\n\n\n<div class=\"wp-block-columns alignwide is-layout-flex wp-container-core-columns-is-layout-d0bbbce0 wp-block-columns-is-layout-flex\">\n<div class=\"wp-block-column has-base-2-background-color has-background is-layout-flow wp-container-core-column-is-layout-e3d1c41b wp-block-column-is-layout-flow\">\n<figure class=\"wp-block-image size-full\"><img loading=\"lazy\" decoding=\"async\" width=\"271\" height=\"161\" src=\"https:\/\/aoliveirense.pt\/wp-content\/uploads\/2025\/02\/a1.webp\" alt=\"\" class=\"wp-image-32\"\/><\/figure>\n\n\n\n<p class=\"has-text-align-left\"><strong><mark style=\"background-color:rgba(0, 0, 0, 0);color:#0db26b\" class=\"has-inline-color\">Vis\u00e3o<\/mark><\/strong><\/p>\n\n\n\n<p class=\"has-text-align-left\">Desenvolver a sua a\u00e7\u00e3o na \u00e1rea social, a crian\u00e7as e pessoas idosas, atrav\u00e9s de respostas e servi\u00e7os, individualiz\u00e1veis e personaliz\u00e1veis, de excel\u00eancia, adequados \u00e0s suas necessidades e expetativas, promovendo o bem-estar geral, o desenvolvimento hol\u00edstico e a qualidade de vida.<\/p>\n<\/div>\n\n\n\n<div class=\"wp-block-column has-base-2-background-color has-background is-layout-flow wp-container-core-column-is-layout-e3d1c41b wp-block-column-is-layout-flow\">\n<figure class=\"wp-block-image size-full\"><img loading=\"lazy\" decoding=\"async\" width=\"269\" height=\"162\" src=\"https:\/\/aoliveirense.pt\/wp-content\/uploads\/2025\/02\/a2.webp\" alt=\"\" class=\"wp-image-33\"\/><\/figure>\n\n\n\n<p class=\"has-text-align-left\"><strong><mark style=\"background-color:rgba(0, 0, 0, 0);color:#0db26b\" class=\"has-inline-color\">Miss\u00e3o<\/mark><\/strong><\/p>\n\n\n\n<p class=\"has-text-align-left\">Ser uma Institui\u00e7\u00e3o de refer\u00eancia no \u00e2mbito das suas respostas sociais, baseada no trabalho de equipa e numa gest\u00e3o sustent\u00e1vel, garantindo aos seus clientes a presta\u00e7\u00e3o de servi\u00e7os inovadores e personalizados, de elevada qualidade, contribuindo positivamente para a vida dos mesmos.<\/p>\n<\/div>\n\n\n\n<div class=\"wp-block-column has-base-2-background-color has-background is-layout-flow wp-container-core-column-is-layout-e3d1c41b wp-block-column-is-layout-flow\">\n<figure class=\"wp-block-image size-full\"><img loading=\"lazy\" decoding=\"async\" width=\"271\" height=\"162\" src=\"https:\/\/aoliveirense.pt\/wp-content\/uploads\/2025\/02\/a3.webp\" alt=\"\" class=\"wp-image-34\"\/><\/figure>\n\n\n\n<p class=\"has-text-align-left\"><strong><mark style=\"background-color:rgba(0, 0, 0, 0);color:#0db26b\" class=\"has-inline-color\">Valores<\/mark><\/strong><\/p>\n\n\n\n<p>Regir a sua atividade, assente nos valores de:<\/p>\n\n\n\n<div class=\"wp-block-group has-global-padding is-layout-constrained wp-block-group-is-layout-constrained\">\n<ul class=\"wp-block-list\">\n<li>Rigor<\/li>\n\n\n\n<li>Confidencialidade<\/li>\n\n\n\n<li>Integridade<\/li>\n\n\n\n<li>Privacidade<\/li>\n\n\n\n<li>Solidariedade<\/li>\n\n\n\n<li>Respeito<\/li>\n\n\n\n<li>Igualdade<\/li>\n\n\n\n<li>Companheirismo<\/li>\n\n\n\n<li>Cidadania<\/li>\n\n\n\n<li>Criatividade<\/li>\n\n\n\n<li>Individualidade<\/li>\n\n\n\n<li>Dignidade<\/li>\n\n\n\n<li>\u00c9tica<\/li>\n\n\n\n<li>Inova\u00e7\u00e3o<\/li>\n\n\n\n<li>Sustentabilidade<\/li>\n<\/ul>\n<\/div>\n\n\n\n<p class=\"has-text-align-left\"><\/p>\n<\/div>\n<\/div>\n\n\n\n<p><\/p>\n<\/div>\n","protected":false},"excerpt":{"rendered":"<p>Associa\u00e7\u00e3o Oliveirense de Socorros M\u00fatuos Constitu\u00edda em 21 de Maio de 1893 com a denomina\u00e7\u00e3o inicial de&nbsp;ASSOCIA\u00c7\u00c3O OLIVEIRENSE DE SOCORROS M\u00daTUOS E&nbsp;F\u00daNEBRES&nbsp;PARA AMBOS OS SEXOS, teve os seus primeiros estatutos aprovados por Alvar\u00e1 R\u00e9gio de 23 de&nbsp;Junho&nbsp;de 1894. Foi fundada por um grupo de residentes de Oliveira do Douro cujos nomes aqui se registam: Cosme [&hellip;]<\/p>\n","protected":false},"author":1,"featured_media":0,"parent":0,"menu_order":0,"comment_status":"closed","ping_status":"closed","template":"page-no-title","meta":{"footnotes":""},"class_list":["post-8","page","type-page","status-publish","hentry"],"_links":{"self":[{"href":"https:\/\/aoliveirense.pt\/index.php?rest_route=\/wp\/v2\/pages\/8","targetHints":{"allow":["GET"]}}],"collection":[{"href":"https:\/\/aoliveirense.pt\/index.php?rest_route=\/wp\/v2\/pages"}],"about":[{"href":"https:\/\/aoliveirense.pt\/index.php?rest_route=\/wp\/v2\/types\/page"}],"author":[{"embeddable":true,"href":"https:\/\/aoliveirense.pt\/index.php?rest_route=\/wp\/v2\/users\/1"}],"replies":[{"embeddable":true,"href":"https:\/\/aoliveirense.pt\/index.php?rest_route=%2Fwp%2Fv2%2Fcomments&post=8"}],"version-history":[{"count":16,"href":"https:\/\/aoliveirense.pt\/index.php?rest_route=\/wp\/v2\/pages\/8\/revisions"}],"predecessor-version":[{"id":103,"href":"https:\/\/aoliveirense.pt\/index.php?rest_route=\/wp\/v2\/pages\/8\/revisions\/103"}],"wp:attachment":[{"href":"https:\/\/aoliveirense.pt\/index.php?rest_route=%2Fwp%2Fv2%2Fmedia&parent=8"}],"curies":[{"name":"wp","href":"https:\/\/api.w.org\/{rel}","templated":true}]}}

Sobre Nós

<div class="wp-block-group has-global-padding is-layout-constrained wp-container-core-group-is-layout-650790e1 wp-block-group-is-layout-constrained">
<h1 class="wp-block-heading alignfull has-text-align-center has-x-large-font-size"><mark style="background-color:rgba(0, 0, 0, 0);color:#0db26b" class="has-inline-color">Associação Oliveirense de Socorros Mútuos</mark></h1>
</div>



<div style="height:100px" aria-hidden="true" class="wp-block-spacer"></div>



<p></p>



<figure class="wp-block-gallery alignwide has-nested-images columns-default is-cropped wp-block-gallery-1 is-layout-flex wp-block-gallery-is-layout-flex">
<figure class="wp-block-image size-full"><img loading="lazy" decoding="async" width="250" height="166" data-id="17" src="https://aoliveirense.pt/wp-content/uploads/2025/02/6887b6_3e10e2e39cb642f4af242bf2d75be0efmv2.webp" alt="" class="wp-image-17"/></figure>



<figure class="wp-block-image size-full"><img loading="lazy" decoding="async" width="250" height="166" data-id="18" src="https://aoliveirense.pt/wp-content/uploads/2025/02/6887b6_6de545d9245349d88413504f54bfcb61mv2.webp" alt="" class="wp-image-18"/></figure>



<figure class="wp-block-image size-full"><img loading="lazy" decoding="async" width="250" height="166" data-id="19" src="https://aoliveirense.pt/wp-content/uploads/2025/02/6887b6_837e3cd3def04ab0abe5419cb0e83cf9mv2.webp" alt="" class="wp-image-19"/></figure>



<figure class="wp-block-image size-full"><img loading="lazy" decoding="async" width="250" height="166" data-id="20" src="https://aoliveirense.pt/wp-content/uploads/2025/02/6887b6_290148b4c4df4af289c05c244cdacb29mv2.webp" alt="" class="wp-image-20"/></figure>



<figure class="wp-block-image size-full"><img loading="lazy" decoding="async" width="250" height="166" data-id="21" src="https://aoliveirense.pt/wp-content/uploads/2025/02/6887b6_ba7c9734651d4c2cb7f2c16b49c9f35fmv2.webp" alt="" class="wp-image-21"/></figure>



<figure class="wp-block-image size-full"><img loading="lazy" decoding="async" width="250" height="187" data-id="22" src="https://aoliveirense.pt/wp-content/uploads/2025/02/6887b6_c896d58d03214c298a60ba566841dc43mv2.webp" alt="" class="wp-image-22"/></figure>



<figure class="wp-block-image size-full"><img loading="lazy" decoding="async" width="250" height="361" data-id="23" src="https://aoliveirense.pt/wp-content/uploads/2025/02/6887b6_cd3326c1f6d6442aaf7f90be420c6e84mv2.webp" alt="" class="wp-image-23" srcset="https://aoliveirense.pt/wp-content/uploads/2025/02/6887b6_cd3326c1f6d6442aaf7f90be420c6e84mv2.webp 250w, https://aoliveirense.pt/wp-content/uploads/2025/02/6887b6_cd3326c1f6d6442aaf7f90be420c6e84mv2-208x300.webp 208w" sizes="auto, (max-width: 250px) 100vw, 250px" /></figure>



<figure class="wp-block-image size-full"><img loading="lazy" decoding="async" width="250" height="156" data-id="24" src="https://aoliveirense.pt/wp-content/uploads/2025/02/6887b6_d028047263cd424c9713b88195b9fb63mv2.webp" alt="" class="wp-image-24"/></figure>



<figure class="wp-block-image size-full"><img loading="lazy" decoding="async" width="250" height="166" data-id="25" src="https://aoliveirense.pt/wp-content/uploads/2025/02/6887b6_e8453c75203142e59ae6d788d5a5e772mv2.webp" alt="" class="wp-image-25"/></figure>



<figure class="wp-block-image size-full"><img loading="lazy" decoding="async" width="250" height="180" data-id="26" src="https://aoliveirense.pt/wp-content/uploads/2025/02/6887b6_fe79ecebd2a948498c60db9364609a08mv2.webp" alt="" class="wp-image-26"/></figure>
</figure>



<div class="wp-block-group alignfull has-base-2-background-color has-background has-global-padding is-layout-constrained wp-container-core-group-is-layout-ca902058 wp-block-group-is-layout-constrained" style="margin-top:0;margin-bottom:0;padding-top:var(--wp--preset--spacing--10);padding-right:var(--wp--preset--spacing--20);padding-bottom:var(--wp--preset--spacing--10);padding-left:var(--wp--preset--spacing--20)">
<div class="wp-block-group alignwide is-vertical is-layout-flex wp-container-core-group-is-layout-5f9f5280 wp-block-group-is-layout-flex">
<div style="height:0px" aria-hidden="true" class="wp-block-spacer wp-container-content-4f2ccadb"></div>



<div class="wp-block-columns is-layout-flex wp-container-core-columns-is-layout-28f84493 wp-block-columns-is-layout-flex">
<div class="wp-block-column has-background is-layout-flow wp-block-column-is-layout-flow" style="background-color:#ffffff03;flex-basis:100%">
<p class="has-text-align-left">Constituída em 21 de Maio de 1893 com a denominação inicial de&nbsp;ASSOCIAÇÃO OLIVEIRENSE DE SOCORROS MÚTUOS E&nbsp;FÚNEBRES&nbsp;PARA AMBOS OS SEXOS, teve os seus primeiros estatutos aprovados por Alvará Régio de 23 de&nbsp;Junho&nbsp;de 1894.</p>
</div>
</div>



<p>Foi fundada por um grupo de residentes de Oliveira do Douro cujos nomes aqui se registam: Cosme Mendes Braga, António da Rocha Silvestre, Custódio José de Barros, José da Costa Santos, Domingos Gomes Pereira, Manuel Baptista Aguiar, António da Silva Manahú e José da Silva Flores.</p>



<p>O esquema de benefícios&nbsp;mantém-se praticamente o mesmo desde a fundação da Associação, hoje certamente enriquecido e que&nbsp;compreende&nbsp;a prestação de assistência médica e de enfermagem e concessão de subsidio por morte e de funeral aos seus cerca de 11.000 associados.<br>Como uma das fundadoras da Liga das Associações de Socorro Mútuo de Vila Nova de Gaia, a assistência médica e de enfermagem é garantida aos seus associados através dos serviços da Liga.</p>



<p>Por portaria datada de 6 Junho de 1942 a Associação de Socorros Mútuos &#8220;Ordem e Progresso&#8221; que anteriormente se designou de Santa Eulália, existente na mesma freguesia de Oliveira do Douro, fusionou-se com a Associação Oliveirense, o que lhe conferiu uma maior dimensão, sobretudo em termos de associados inscritos</p>
</div>



<h3 class="wp-block-heading alignwide has-text-align-center"><mark style="background-color:rgba(0, 0, 0, 0);color:#0db26b" class="has-inline-color">Complexo Intergeracional Quinta dos Avós</mark></h3>



<div class="wp-block-group alignwide is-vertical is-layout-flex wp-container-core-group-is-layout-5f9f5280 wp-block-group-is-layout-flex">
<p>O “Complexo Intergeracional Quinta dos Avós” foi edificado ao abrigo do Programa Pares do I.S.S.S, I.P. e teve como entidade promotora a Associação Oliveirense.</p>



<p></p>
</div>



<div class="wp-block-columns alignwide is-layout-flex wp-container-core-columns-is-layout-d0bbbce0 wp-block-columns-is-layout-flex">
<div class="wp-block-column has-base-2-background-color has-background is-layout-flow wp-container-core-column-is-layout-e3d1c41b wp-block-column-is-layout-flow">
<figure class="wp-block-image size-full"><img loading="lazy" decoding="async" width="271" height="161" src="https://aoliveirense.pt/wp-content/uploads/2025/02/a1.webp" alt="" class="wp-image-32"/></figure>



<p class="has-text-align-left"><strong><mark style="background-color:rgba(0, 0, 0, 0);color:#0db26b" class="has-inline-color">Visão</mark></strong></p>



<p class="has-text-align-left">Desenvolver a sua ação na área social, a crianças e pessoas idosas, através de respostas e serviços, individualizáveis e personalizáveis, de excelência, adequados às suas necessidades e expetativas, promovendo o bem-estar geral, o desenvolvimento holístico e a qualidade de vida.</p>
</div>



<div class="wp-block-column has-base-2-background-color has-background is-layout-flow wp-container-core-column-is-layout-e3d1c41b wp-block-column-is-layout-flow">
<figure class="wp-block-image size-full"><img loading="lazy" decoding="async" width="269" height="162" src="https://aoliveirense.pt/wp-content/uploads/2025/02/a2.webp" alt="" class="wp-image-33"/></figure>



<p class="has-text-align-left"><strong><mark style="background-color:rgba(0, 0, 0, 0);color:#0db26b" class="has-inline-color">Missão</mark></strong></p>



<p class="has-text-align-left">Ser uma Instituição de referência no âmbito das suas respostas sociais, baseada no trabalho de equipa e numa gestão sustentável, garantindo aos seus clientes a prestação de serviços inovadores e personalizados, de elevada qualidade, contribuindo positivamente para a vida dos mesmos.</p>
</div>



<div class="wp-block-column has-base-2-background-color has-background is-layout-flow wp-container-core-column-is-layout-e3d1c41b wp-block-column-is-layout-flow">
<figure class="wp-block-image size-full"><img loading="lazy" decoding="async" width="271" height="162" src="https://aoliveirense.pt/wp-content/uploads/2025/02/a3.webp" alt="" class="wp-image-34"/></figure>



<p class="has-text-align-left"><strong><mark style="background-color:rgba(0, 0, 0, 0);color:#0db26b" class="has-inline-color">Valores</mark></strong></p>



<p>Regir a sua atividade, assente nos valores de:</p>



<div class="wp-block-group has-global-padding is-layout-constrained wp-block-group-is-layout-constrained">
<ul class="wp-block-list">
<li>Rigor</li>



<li>Confidencialidade</li>



<li>Integridade</li>



<li>Privacidade</li>



<li>Solidariedade</li>



<li>Respeito</li>



<li>Igualdade</li>



<li>Companheirismo</li>



<li>Cidadania</li>



<li>Criatividade</li>



<li>Individualidade</li>



<li>Dignidade</li>



<li>Ética</li>



<li>Inovação</li>



<li>Sustentabilidade</li>
</ul>
</div>



<p class="has-text-align-left"></p>
</div>
</div>



<p></p>
</div>

<p>Associação Oliveirense de Socorros Mútuos Constituída em 21 de Maio de 1893 com a denominação inicial de&nbsp;ASSOCIAÇÃO OLIVEIRENSE DE SOCORROS MÚTUOS E&nbsp;FÚNEBRES&nbsp;PARA AMBOS OS SEXOS, teve os seus primeiros estatutos aprovados por Alvará Régio de 23 de&nbsp;Junho&nbsp;de 1894. Foi fundada por um grupo de residentes de Oliveira do Douro cujos nomes aqui se registam: Cosme [&hellip;]</p>
